 - 0?
-1ec
In base 16, what is 4 + 446f?
4473
In base 15, what is 1 - -1e96c?
1e96d
In base 11, what is -70 + -421a?
-428a
In base 13, what is 6190 + 14?
61a4
In base 11, what is 2 + -1078a2?
-1078a0
In base 11, what is -6776 + 0?
-6776
In base 16, what is -587 + -13?
-59a
In base 12, what is 3 - 4606?
-4603
In base 2, what is 111101010000111 - -101?
111101010001100
In base 7, what is 1532263 - -4?
1532300
In base 13, what is -4 + -294283?
-294287
In base 8, what is -103622 - 1?
-103623
In base 15, what is 19 + -42515?
-424eb
In base 15, what is 125c + 17?
1274
In base 11, what is -2039 + -46?
-2084
In base 15, what is -19ac - -89?
-1923
In base 6, what is -1043 - -231?
-412
In base 4, what is -2000130033 - -2?
-2000130031
In base 10, what is 655 - -1089?
1744
In base 10, what is -1242 + 209?
-1033
In base 16, what is -4ab7 + -10?
-4ac7
In base 7, what is -2530 + 122?
-2405
In base 16, what is -8f31 + 1?
-8f30
In base 12, what is 219b - -28?
2207
In base 13, what is -5 - -c9b62?
c9b5a
In base 12, what is 1 + 17262?
17263
In base 14, what is 1a02 - -7?
1a09
In base 9, what is 4161 - -10?
4171
In base 2, what is 1101010 + 10010?
1111100
In base 4, what is -3301011 + -11?
-3301022
In base 3, what is -10120 - 102102?
-112222
In base 16, what is -f - -103c?
102d
In base 7, what is 533 - -3130?
3663
In base 11, what is -1429 - 2350?
-3779
In base 3, what is -1221220200100 + 11?
-1221220200012
In base 4, what is -1000123 + -1?
-1000130
In base 9, what is -4 - 1206538?
-1206543
In base 10, what is 696 + 15?
711
In base 15, what is -75 + -235?
-2aa
In base 11, what is 1 + -298a71?
-298a70
In base 11, what is -30a + 4501?
41a2
In base 5, what is 100 + 10440013?
10440113
In base 4, what is -203311313 - -1?
-203311312
In base 13, what is a - 2ca5c?
-2ca52
In base 8, what is -2 - -3473?
3471
In base 5, what is 142 + -14040?
-13343
In base 9, what is -5 + 136433?
136427
In base 3, what is -211 + 1220122111?
1220121200
In base 10, what is 0 + -2983?
-2983
In base 10, what is -14 + 138289?
138275
In base 5, what is 410004 - 33?
404421
In base 10, what is 8 - 71997?
-71989
In base 11, what is -10a722 - 0?
-10a722
In base 14, what is 463 - -112d?
1592
In base 13, what is -257a7 - -3?
-257a4
In base 14, what is c2a + -142?
ac8
In base 10, what is -294 - -427?
133
In base 5, what is -14342 - 444?
-20341
In base 4, what is 1133310 - 103?
1133201
In base 9, what is -5525 - -54?
-5461
In base 11, what is 9a669 + 1?
9a66a
In base 15, what is -1797d7 - -2?
-1797d5
In base 4, what is 2 - -3310202?
3310210
In base 9, what is -717 - -17?
-700
In base 16, what is de - -91?
16f
In base 12, what is 5 + -8b085?
-8b080
In base 15, what is -367 + -15?
-37c
In base 10, what is 1 + -61936?
-61935
In base 5, what is 3 - 124120?
-124112
In base 14, what is -d + -1d354?
-1d363
In base 11, what is 10 + -2366?
-2356
In base 2, what is 100111100010 + -1000?
100111011010
In base 12, what is -328 - -a4?
-244
In base 12, what is 3 + -3350?
-3349
In base 13, what is 32 + -147?
-115
In base 10, what is 38035 - 3?
38032
In base 10, what is -2287249 + -3?
-2287252
In base 4, what is 22032122 - 0?
22032122
In base 15, what is 4a65 - 1e?
4a46
In base 16, what is 15 + 32d16?
32d2b
In base 11, what is 5894 - -5?
5899
In base 15, what is b7 - -c17?
cce
In base 16, what is -47e - 60?
-4de
In base 8, what is 173250 + -55?
173173
In base 3, what is -1002 + -22122?
-100201
In base 8, what is -5 - 1335275?
-1335302
In base 7, what is 113 + 512?
625
In base 10, what is -61 + -553?
-614
In base 13, what is 1102 + -44?
108b
In base 9, what is -652411 - 0?
-652411
In base 3, what is 10022000212 - 2?
10022000210
In base 14, what is -d3b + -37?
-d74
In base 13, what is -91a - 195?
-ab2
In base 3, what is -112 + -1002200100?
-1002200212
In base 4, what is -2103331 - -100?
-2103231
In base 6, what is 12354 - -204?
13002
In base 11, what is 35 - -241?
276
In base 7, what is 246 - 1054?
-505
In base 3, what is 2212120 - 11120?
2201000
In base 16, what is -12a + 3e?
-ec
In base 9, what is 17551 - 26?
17524
In base 4, what is -3 + 1010011032?
1010011023
In base 10, what is -13 + -28712?
-28725
In base 6, what is 1 + -11241514?
-11241513
In base 13, what is -3aa472 + 2?
-3aa470
In base 15, what is -11 - 399?
-3aa
In base 12, what is -2058 + 30?
-2028
In base 3, what is 0 - 120020001111?
-120020001111
In base 8, what is 716127 + 0?
716127
In base 12, what is -27 + 287?
260
In base 3, what is -2220112 - 2122221?
-12120110
In base 2, what is 1000 + 1001110101001010?
1001110101010010
In base 10, what is -31508 + 2?
-31506
In base 14, what is -c + b1a?
b0c
In base 7, what is 5 + 222043?
222051
In base 4, what is -1101221 + 30?
-1101131
In base 10, what is 17550 + 1?
17551
In base 3, what is -122120022110 - 0?
-122120022110
In base 11, what is 29 - 342?
-314
In base 2, what is -111110110111101 + -101?
-111110111000010
In base 15, what is 87c3 - 4d?
8775
In base 11, what is 19 - -17496?
17504
In base 13, what is 723 + 12?
735
In base 11, what is -23 - 1425?
-1448
In base 9, what is -14051 + -1?
-14052
In base 13, what is b8495 + 2?
b8497
In base 11, what is 16 - 2a1a?
-2a04
In base 6, what is 242 - 2340?
-2054
In base 7, what is -24103 + 1201?
-22602
In base 8, what is 20333 - -16?
20351
In base 16, what is -1749de + -3?
-1749e1
In base 3, what is 21202120 + 10000?
21212120
In base 8, what is -16734 - -60?
-16654
In base 13, what is 9 - 351a0?
-35194
In base 15, what is 401480 - 5?
40147a
In base 8, what is 12 + 6261?
6273
In base 10, what is -1 - -35956?
35955
In base 13, what is 147 - -7b?
1c5
In base 11, what is -3 - 8a03?
-8a06
In base 5, what is -13244 - 11103?
-24402
In base 13, what is 11 + 19856?
19867
In base 12, what is 4 - 2ba839?
-2ba835
In base 11, what is -3 - 79624?
-79627
In base 7, what is 11 - -102?
113
In base 10, what is -2945 + 58?
-2887
In base 8, what is -35461 - -212?
-35247
In base 12, what is 1aa67b7 + -3?
1aa67b4
In base 13, what is 75 + 5c0?
665
In base 13, what is -4875 + -8?
-4880
In base 11, what is -5 - -43698?
43693
In base 2, what is 11001010010111110111 - 10?
11001010010111110101
In base 5, what is -14 - -103242?
103223
In base 14, what is 32d815 + 0?
32d815
In base 12, what is 349 - 748?
-3bb
In base 11, what is 4a7 + -17?
490
In base 16, what is -5 + 170b?
1706
In base 5, what is 42020 + -324?
41141
In base 16, what is 8 + -32172?
-3216a
In base 5, what is 10 - -3001404?
3001414
In base 3, what is 112 + -12012100?
-12011211
In base 6, what is -5 - 1104030?
-1104035
In base 12, what is -2 + -217920?
-217922
In base 11, what is -5 - -2142?
2138
In base 4, what is 1032 - -2012333?
2020031
In base 3, what is 100112 + 1020120?
1121002
In base 14, what is aa6 - -100?
ba6
In base 5, what is -2 + -4234240?
-4234242
In base 15, what is -d06 - 13?
-d19
In base 8, what is 4 + 64717?
64723
In base 14, what is 4 - -2d107?
2d10b
In base 14, what is 19ab + -9?
19a2
In base 7, what is 2 + 1116421?
1116423
In base 13, what is 25 - bac?
-b87
In base 9, what is 6588 + 11?
6610
In base 6, what is -2 + -352021?
-352023
In base 9, what is -56248 + -10?
-56258
In base 10, what is 254 - 672?
-418
In base 6, what is -3 + 15154310?
15154303
In base 9, what is 330 + 6208?
6538
In base 3, what is 10102110112 + 10?
10102110122
In base 7, what is -15 - 2555?
-2603
In base 7, what is 2034142 + 0?
2034142
In base 16, what is -b8e + 6?
-b88
In base 6, what is -302320 - -3?
-302313
In base 11, what is -181 - -93?
-99
In base 3, what is -11122220212221 - -2?
-11122220212212
In base 9, what is 86414 + -15?
86388
In base 15, what is 0 - 10900?
-10900
In base 4, what is -20001 - -230?
-13111
In base 6, what is -10521 + 432?
-10045
In base 7, what is -11215 + 36?
-11146
In base 9, what is 0 - -355602?
355602
In base 8, what is 310604 - -4?
310610
In base 4, what is 10 - -102013130?
102013200
In base 6, what is -2 - -31351?
31345
In base 2, what is 1011101111110111 - 100?
1011101111110011
In base 7, what is 5 - 14542?
-14534
In base 8, what is -1 - 614152?
-614153
In base 16, what is -38f - -fa?
-295
In base 16, what is -99 - 11c3?
-125c
In base 5, what is -11 + 4121?
4110
In base 15, what is 5 + 9325?
932a
In base 16, what is -abc3 + -1d?
-abe0
In base 10, what is -8374589 - 5?
-8374594
In base 16, what is -49 - -1b0?